{"id":222,"date":"2023-02-02T15:52:50","date_gmt":"2023-02-02T14:52:50","guid":{"rendered":"https:\/\/sconseil-coaching.com\/?page_id=222"},"modified":"2023-02-02T15:54:09","modified_gmt":"2023-02-02T14:54:09","slug":"charte-deontologique","status":"publish","type":"page","link":"https:\/\/sconseil-coaching.com\/index.php\/charte-deontologique\/","title":{"rendered":"Charte D\u00e9ontologique"},"content":{"rendered":"\n<p>Tout Consultant Formateur intervenant pour l&rsquo;Organisme de Formation SConseil<br>&amp;Coaching s&rsquo;engage \u00e0 :<br>D\u00e9ontologie et Ethique professionnelle<br>ART 1. Exercer son activit\u00e9 dans le respect de la personne, l&rsquo;ind\u00e9pendance de jugement et d&rsquo;action,<br>l&rsquo;honn\u00eatet\u00e9, la neutralit\u00e9.<br>ART 2. Respecter strictement la confidentialit\u00e9 des informations qui lui sont communiqu\u00e9es par ses<br>clients (donneurs d&rsquo;ordre et stagiaires) sous toutes leurs formes : conversations, papier, t\u00e9l\u00e9copie, voie<br>\u00e9lectronique, etc.<br>ART 3. Donner acc\u00e8s \u00e0 cette charte \u00e0 tout client, prospect ou partenaire qui en \u00e9mettrait la demande.<br>Relations avec les clients<br>ART 4. Analyser les besoins, pr\u00e9ciser clairement l&rsquo;objectif \u00e0 atteindre et mettre en oeuvre un process<br>d\u2019ing\u00e9nierie p\u00e9dagogique adapt\u00e9 \u00e0 l&rsquo;objectif.<br>ART 5. Etablir un contrat ou une convention pr\u00e9alablement \u00e0 toute action, pr\u00e9cisant clairement la<br>prestation et ses conditions de r\u00e9alisation (financi\u00e8res, moyens).<br>ART 6. S&rsquo;engager dans les limites de ses comp\u00e9tences et disponibilit\u00e9s.<br>ART 7. Assumer sa responsabilit\u00e9 personnelle et celle de ses collaborateurs et sous-traitants \u00e9ventuels,<br>selon les contrats et conventions conclus.<br>ART 8. Respecter l&rsquo;int\u00e9gralit\u00e9 des engagements d&rsquo;actions pris.<br>ART 9. Donner des renseignements exacts sur les formations et sur ses comp\u00e9tences professionnelles<br>ART 10. Mettre en oeuvre toutes ses comp\u00e9tences et son savoir-faire professionnel dans la r\u00e9alisation<br>de l&rsquo;action, quels qu&rsquo;en soient le tarif, le client et les b\u00e9n\u00e9ficiaires.<br>ART 11. Informer rapidement son client ou son commanditaire de tout \u00e9l\u00e9ment risquant de nuire \u00e0<br>l&rsquo;atteinte des objectifs ou au bon d\u00e9roulement des actions.<br>ART 12. Rester neutre par rapport aux jeux d&rsquo;influence chez son client et n&rsquo;exprimer aucun jugement<br>sur son client aupr\u00e8s des b\u00e9n\u00e9ficiaires des actions.<br>Relations avec les b\u00e9n\u00e9ficiaires des actions de formation et\/ou de conseil<br>ART 13. Inscrire ses actions dans une d\u00e9marche de d\u00e9veloppement de la personne.<br>SConseil \u2013 Audit, Formation, Coaching dans la conduite du changement.<br>102, impasse de N\u00e9belong, 84120 Pertuis \u2013 06 11 54 11 11<br>s.coste@sconseil-coaching.com \u2013 Siret 519 452 437 000 14 \u2013<br>ART 14. Respecter la personnalit\u00e9 de chacun et s&rsquo;interdire toute forme de discrimination.<br>ART 15. S&rsquo;interdire tout abus d&rsquo;autorit\u00e9 ou de pouvoir li\u00e9 \u00e0 sa position.<br>ART 16. Informer les b\u00e9n\u00e9ficiaires des actions de formation qu&rsquo;un Bilan d&rsquo;Evaluation de leur formation<br>sera remis au Commanditaire \u00e0 l&rsquo;issue du stage et comment\u00e9 avec ce dernier. Certaines informations<br>relatives au comportement du stagiaire en formation seront donc n\u00e9cessairement transmises au<br>Commanditaire, sauf accord de confidentialit\u00e9 pr\u00e9alable. Les informations transmises se limiteront<br>strictement aux aspects en lien avec la progression p\u00e9dagogique du stagiaire.<br>ART 17. Garantir aux b\u00e9n\u00e9ficiaires des actions la confidentialit\u00e9 sur les informations d&rsquo;ordre personnel<br>communiqu\u00e9es au Consultant \/ Formateur au cours de l&rsquo;intervention<br>ART 18. Interrompre l&rsquo;action de formation si les paroles et\/ou comportements d&rsquo;un stagiaire ou tout<br>\u00e9v\u00e9nement ext\u00e9rieur met en danger l&rsquo;int\u00e9grit\u00e9 physique et.ou morale des participants \u00e0 l&rsquo;action.<br>ART 19. S&rsquo;interdire toute d\u00e9rive \u00e0 pr\u00e9tention th\u00e9rapeutique.<br>ART 20. S&rsquo;interdire tout pros\u00e9lytisme, approche sectaire et manipulation mentale.<br>Respect du cadre l\u00e9gal et r\u00e9glementaire \/ Relations avec la profession<br>ART 21. Conna\u00eetre et appliquer les lois et r\u00e8glements et, en particulier, la partie VI du Code du Travail<br>pour les actions de Formation Professionnelle Continue et se tenir inform\u00e9 de leur \u00e9volution.<br>ART 22. Etre en r\u00e8gle par rapport \u00e0 toute obligation l\u00e9gale et fiscale.<br>ART 23. N\u2019accepter aucune r\u00e9mun\u00e9ration illicite.<br>ART 24. Citer ses sources et respecter la propri\u00e9t\u00e9 intellectuelle.<br>ART 25. Se doter des moyens n\u00e9cessaires \u00e0 son professionnalisme et au d\u00e9veloppement de ses<br>comp\u00e9tences.<br>ART 26. Se garder de tout propos d\u00e9sobligeant envers un confr\u00e8re aupr\u00e8s des clients.<br>ART 27. S\u2019interdire toute concurrence d\u00e9loyale ou captation de client pr\u00e9sent\u00e9 ou pressenti par un<br>coll\u00e8gue.<\/p>\n","protected":false},"excerpt":{"rendered":"<p>Tout Consultant Formateur intervenant pour l&rsquo;Organisme de Formation SConseil&amp;Coaching s&rsquo;engage \u00e0 :D\u00e9ontologie et Ethique professionnelleART 1. Exercer son activit\u00e9 dans le respect de la personne, l&rsquo;ind\u00e9pendance de jugement et d&rsquo;action,l&rsquo;honn\u00eatet\u00e9, la neutralit\u00e9.ART 2. Respecter strictement la confidentialit\u00e9 des informations qui lui sont communiqu\u00e9es par sesclients (donneurs d&rsquo;ordre et stagiaires) sous toutes leurs formes : conversations, &hellip; <\/p>\n<p class=\"link-more\"><a href=\"https:\/\/sconseil-coaching.com\/index.php\/charte-deontologique\/\" class=\"more-link\">Continuer la lecture<span class=\"screen-reader-text\"> de &laquo;&nbsp;Charte D\u00e9ontologique&nbsp;&raquo;<\/span><\/a><\/p>\n","protected":false},"author":1,"featured_media":0,"parent":0,"menu_order":0,"comment_status":"closed","ping_status":"closed","template":"","meta":{"footnotes":""},"class_list":["post-222","page","type-page","status-publish","hentry"],"_links":{"self":[{"href":"https:\/\/sconseil-coaching.com\/index.php\/wp-json\/wp\/v2\/pages\/222","targetHints":{"allow":["GET"]}}],"collection":[{"href":"https:\/\/sconseil-coaching.com\/index.php\/wp-json\/wp\/v2\/pages"}],"about":[{"href":"https:\/\/sconseil-coaching.com\/index.php\/wp-json\/wp\/v2\/types\/page"}],"author":[{"embeddable":true,"href":"https:\/\/sconseil-coaching.com\/index.php\/wp-json\/wp\/v2\/users\/1"}],"replies":[{"embeddable":true,"href":"https:\/\/sconseil-coaching.com\/index.php\/wp-json\/wp\/v2\/comments?post=222"}],"version-history":[{"count":2,"href":"https:\/\/sconseil-coaching.com\/index.php\/wp-json\/wp\/v2\/pages\/222\/revisions"}],"predecessor-version":[{"id":225,"href":"https:\/\/sconseil-coaching.com\/index.php\/wp-json\/wp\/v2\/pages\/222\/revisions\/225"}],"wp:attachment":[{"href":"https:\/\/sconseil-coaching.com\/index.php\/wp-json\/wp\/v2\/media?parent=222"}],"curies":[{"name":"wp","href":"https:\/\/api.w.org\/{rel}","templated":true}]}}