{"id":216,"date":"2023-02-02T15:39:19","date_gmt":"2023-02-02T14:39:19","guid":{"rendered":"https:\/\/sconseil-coaching.com\/?page_id=216"},"modified":"2023-02-02T15:39:19","modified_gmt":"2023-02-02T14:39:19","slug":"information-sur-lorganisme-de-formation","status":"publish","type":"page","link":"https:\/\/sconseil-coaching.com\/index.php\/information-sur-lorganisme-de-formation\/","title":{"rendered":"Information sur l&rsquo;Organisme de Formation"},"content":{"rendered":"\n<p><\/p>\n\n\n\n<p><strong>SCONSEIL &amp; COACHING<\/strong><\/p>\n\n\n\n<p>04.42.20.46.22<\/p>\n\n\n\n<p><strong>Organisme de formation enregistr\u00e9<\/strong>&nbsp;sous le num\u00e9ro 93840387584. Cet enregistrement ne vaut pas agr\u00e9ment de l\u2019Etat.<\/p>\n\n\n\n<p>Enregistr\u00e9 au DATA-DOCK (r\u00e9f\u00e9rencement officiel des organismes de formation, actif \u00e0 compter du 30 juin 2017).<\/p>\n\n\n\n<p>Agr\u00e9\u00e9 CNEFOP par ICPF &amp; PSI. N\u00b0 B00812<br>R\u00e9f\u00e9renc\u00e9 aupr\u00e8s de tous les financeurs publics (OPCA, \u2026).<\/p>\n\n\n\n<p>Raison sociale :<br>Sarah Coste<br>Enseigne commerciale : SConseil &amp; Coaching<\/p>\n\n\n\n<p>Si\u00e8ge social :<br>102, impasse de Nebelong<\/p>\n\n\n\n<p>84120 Pertuis<\/p>\n\n\n\n<p>Siret : 519&nbsp;452&nbsp;437&nbsp;000 14<\/p>\n\n\n\n<p>Etablissement exon\u00e9r\u00e9 de TVA.<\/p>\n","protected":false},"excerpt":{"rendered":"<p>SCONSEIL &amp; COACHING 04.42.20.46.22 Organisme de formation enregistr\u00e9&nbsp;sous le num\u00e9ro 93840387584. Cet enregistrement ne vaut pas agr\u00e9ment de l\u2019Etat. Enregistr\u00e9 au DATA-DOCK (r\u00e9f\u00e9rencement officiel des organismes de formation, actif \u00e0 compter du 30 juin 2017). Agr\u00e9\u00e9 CNEFOP par ICPF &amp; PSI. N\u00b0 B00812R\u00e9f\u00e9renc\u00e9 aupr\u00e8s de tous les financeurs publics (OPCA, \u2026). Raison sociale :Sarah CosteEnseigne &hellip; <\/p>\n<p class=\"link-more\"><a href=\"https:\/\/sconseil-coaching.com\/index.php\/information-sur-lorganisme-de-formation\/\" class=\"more-link\">Continuer la lecture<span class=\"screen-reader-text\"> de &laquo;&nbsp;Information sur l&rsquo;Organisme de Formation&nbsp;&raquo;<\/span><\/a><\/p>\n","protected":false},"author":1,"featured_media":0,"parent":0,"menu_order":0,"comment_status":"closed","ping_status":"closed","template":"","meta":{"footnotes":""},"class_list":["post-216","page","type-page","status-publish","hentry"],"_links":{"self":[{"href":"https:\/\/sconseil-coaching.com\/index.php\/wp-json\/wp\/v2\/pages\/216","targetHints":{"allow":["GET"]}}],"collection":[{"href":"https:\/\/sconseil-coaching.com\/index.php\/wp-json\/wp\/v2\/pages"}],"about":[{"href":"https:\/\/sconseil-coaching.com\/index.php\/wp-json\/wp\/v2\/types\/page"}],"author":[{"embeddable":true,"href":"https:\/\/sconseil-coaching.com\/index.php\/wp-json\/wp\/v2\/users\/1"}],"replies":[{"embeddable":true,"href":"https:\/\/sconseil-coaching.com\/index.php\/wp-json\/wp\/v2\/comments?post=216"}],"version-history":[{"count":1,"href":"https:\/\/sconseil-coaching.com\/index.php\/wp-json\/wp\/v2\/pages\/216\/revisions"}],"predecessor-version":[{"id":217,"href":"https:\/\/sconseil-coaching.com\/index.php\/wp-json\/wp\/v2\/pages\/216\/revisions\/217"}],"wp:attachment":[{"href":"https:\/\/sconseil-coaching.com\/index.php\/wp-json\/wp\/v2\/media?parent=216"}],"curies":[{"name":"wp","href":"https:\/\/api.w.org\/{rel}","templated":true}]}}