{"id":161,"date":"2022-08-24T17:04:38","date_gmt":"2022-08-24T15:04:38","guid":{"rendered":"https:\/\/sconseil-coaching.com\/?page_id=161"},"modified":"2022-08-24T17:13:48","modified_gmt":"2022-08-24T15:13:48","slug":"coaching-individuel-et-dequipe","status":"publish","type":"page","link":"https:\/\/sconseil-coaching.com\/index.php\/coaching-individuel-et-dequipe\/","title":{"rendered":"Coaching Individuel et d&rsquo;Equipe"},"content":{"rendered":"\n<p><strong>Coaching individuel<\/strong><\/p>\n\n\n\n<p class=\"has-text-align-left\">Prendre ses nouvelles fonctions de manager<\/p>\n\n\n\n<p class=\"has-text-align-left\">D\u00e9velopper ses comp\u00e9tence et sa l\u00e9gitimit\u00e9 dans son poste<\/p>\n\n\n\n<p class=\"has-text-align-left\">Donner ou redonner du sens \u00e0 sa carri\u00e8re professionnelle<\/p>\n\n\n\n<p class=\"has-text-align-left\">S&rsquo;adapter \u00e0 son interlocuteur en toutes circonstances<\/p>\n\n\n\n<p><strong>Coaching d&rsquo;\u00e9quipe<\/strong><\/p>\n\n\n\n<p>Renforcer la coh\u00e9sion d&rsquo;\u00e9quipe<\/p>\n\n\n\n<p>Penser autrement et optimiser l&rsquo;organisation de travail de l&rsquo;\u00e9quipe<\/p>\n","protected":false},"excerpt":{"rendered":"<p>Coaching individuel Prendre ses nouvelles fonctions de manager D\u00e9velopper ses comp\u00e9tence et sa l\u00e9gitimit\u00e9 dans son poste Donner ou redonner du sens \u00e0 sa carri\u00e8re professionnelle S&rsquo;adapter \u00e0 son interlocuteur en toutes circonstances Coaching d&rsquo;\u00e9quipe Renforcer la coh\u00e9sion d&rsquo;\u00e9quipe Penser autrement et optimiser l&rsquo;organisation de travail de l&rsquo;\u00e9quipe<\/p>\n","protected":false},"author":1,"featured_media":0,"parent":0,"menu_order":0,"comment_status":"closed","ping_status":"closed","template":"","meta":{"footnotes":""},"class_list":["post-161","page","type-page","status-publish","hentry"],"_links":{"self":[{"href":"https:\/\/sconseil-coaching.com\/index.php\/wp-json\/wp\/v2\/pages\/161","targetHints":{"allow":["GET"]}}],"collection":[{"href":"https:\/\/sconseil-coaching.com\/index.php\/wp-json\/wp\/v2\/pages"}],"about":[{"href":"https:\/\/sconseil-coaching.com\/index.php\/wp-json\/wp\/v2\/types\/page"}],"author":[{"embeddable":true,"href":"https:\/\/sconseil-coaching.com\/index.php\/wp-json\/wp\/v2\/users\/1"}],"replies":[{"embeddable":true,"href":"https:\/\/sconseil-coaching.com\/index.php\/wp-json\/wp\/v2\/comments?post=161"}],"version-history":[{"count":3,"href":"https:\/\/sconseil-coaching.com\/index.php\/wp-json\/wp\/v2\/pages\/161\/revisions"}],"predecessor-version":[{"id":166,"href":"https:\/\/sconseil-coaching.com\/index.php\/wp-json\/wp\/v2\/pages\/161\/revisions\/166"}],"wp:attachment":[{"href":"https:\/\/sconseil-coaching.com\/index.php\/wp-json\/wp\/v2\/media?parent=161"}],"curies":[{"name":"wp","href":"https:\/\/api.w.org\/{rel}","templated":true}]}}